{"id":597,"date":"2022-03-14T17:46:44","date_gmt":"2022-03-14T17:46:44","guid":{"rendered":"https:\/\/thelash.mx\/inicio\/?post_type=product&#038;p=597"},"modified":"2025-06-03T14:15:00","modified_gmt":"2025-06-03T14:15:00","slug":"glue-stop-80-gr","status":"publish","type":"product","link":"https:\/\/thelash.mx\/inicio\/producto\/glue-stop-80-gr\/","title":{"rendered":"GLUE STOP (80gr)"},"content":{"rendered":"","protected":false},"excerpt":{"rendered":"<p>Este incre\u00edble gel ayuda a la absorci\u00f3n y desintoxicaci\u00f3n de sustancias nocivas generadas por el adhesivo de pesta\u00f1as.<\/p>\n<ul>\n<li>Altamente recomendado para salones de extensiones de pesta\u00f1as y de u\u00f1as.<\/li>\n<\/ul>\n<p>&nbsp;<\/p>\n<p>Modo de uso: Retira la tapa y col\u00f3calo cerca de ti y tu cliente, ya que tambi\u00e9n ayuda a reducir las irritaciones causadas por los da\u00f1inos humos de los adhesivos. Adem\u00e1s su aroma refrescante les encantar\u00e1.<\/p>\n<p>&nbsp;<\/p>\n<p><strong>Este producto ha obtenido el certificado del Ministerio de Medio Ambiente de la Rep\u00fablica de Corea<\/strong><\/p>\n<p>&nbsp;<\/p>\n<p>*Consulta nuestros precios de mayoreo.<\/p>\n","protected":false},"featured_media":0,"comment_status":"closed","ping_status":"closed","template":"","meta":[],"product_brand":[],"product_cat":[16],"product_tag":[],"class_list":{"0":"post-597","1":"product","2":"type-product","3":"status-publish","5":"product_cat-sin-categorizar","6":"entry","8":"first","9":"instock","10":"taxable","11":"shipping-taxable","12":"purchasable","13":"product-type-simple"},"_links":{"self":[{"href":"https:\/\/thelash.mx\/inicio\/wp-json\/wp\/v2\/product\/597","targetHints":{"allow":["GET"]}}],"collection":[{"href":"https:\/\/thelash.mx\/inicio\/wp-json\/wp\/v2\/product"}],"about":[{"href":"https:\/\/thelash.mx\/inicio\/wp-json\/wp\/v2\/types\/product"}],"replies":[{"embeddable":true,"href":"https:\/\/thelash.mx\/inicio\/wp-json\/wp\/v2\/comments?post=597"}],"version-history":[{"count":5,"href":"https:\/\/thelash.mx\/inicio\/wp-json\/wp\/v2\/product\/597\/revisions"}],"predecessor-version":[{"id":606,"href":"https:\/\/thelash.mx\/inicio\/wp-json\/wp\/v2\/product\/597\/revisions\/606"}],"wp:attachment":[{"href":"https:\/\/thelash.mx\/inicio\/wp-json\/wp\/v2\/media?parent=597"}],"wp:term":[{"taxonomy":"product_brand","embeddable":true,"href":"https:\/\/thelash.mx\/inicio\/wp-json\/wp\/v2\/product_brand?post=597"},{"taxonomy":"product_cat","embeddable":true,"href":"https:\/\/thelash.mx\/inicio\/wp-json\/wp\/v2\/product_cat?post=597"},{"taxonomy":"product_tag","embeddable":true,"href":"https:\/\/thelash.mx\/inicio\/wp-json\/wp\/v2\/product_tag?post=597"}],"curies":[{"name":"wp","href":"https:\/\/api.w.org\/{rel}","templated":true}]}}